tor of 51116 and 130?
26
Calculate the greatest common factor of 63 and 780.
3
What is the highest common divisor of 170 and 65654?
34
What is the highest common divisor of 2544 and 267756?
636
What is the greatest common divisor of 231272 and 24?
8
Calculate the highest common divisor of 633335 and 85.
85
What is the highest common factor of 164 and 94177?
41
What is the highest common factor of 18538 and 589651?
713
What is the greatest common factor of 420 and 12222?
42
Calculate the highest common divisor of 22151 and 1496.
17
Calculate the greatest common factor of 204 and 10524.
12
Calculate the greatest common divisor of 250 and 11350.
50
What is the greatest common factor of 1080 and 19512?
72
Calculate the greatest common factor of 411602 and 2096.
262
Calculate the highest common factor of 546 and 10626.
42
Calculate the greatest common factor of 3152 and 6182648.
1576
Calculate the greatest common divisor of 3763 and 5459.
53
Calculate the greatest common factor of 149550 and 150.
150
What is the highest common divisor of 1649 and 79067?
17
What is the highest common factor of 14 and 4786978?
14
Calculate the highest common divisor of 4323 and 9563.
131
What is the highest common factor of 133786 and 18163?
443
Calculate the greatest common divisor of 33 and 21835.
11
Calculate the greatest common divisor of 24 and 493932.
12
What is the highest common factor of 34342 and 28?
14
Calculate the greatest common divisor of 40 and 21940.
20
Calculate the greatest common factor of 2244 and 47542.
22
What is the greatest common divisor of 198 and 26874?
18
What is the highest common divisor of 1150 and 2254?
46
Calculate the greatest common factor of 355 and 213.
71
What is the greatest common divisor of 4624 and 992?
16
What is the highest common divisor of 4246 and 22?
22
What is the greatest common factor of 83 and 950267?
83
Calculate the greatest common factor of 3562 and 208.
26
What is the greatest common factor of 16 and 285728?
16
What is the greatest common factor of 589 and 3968?
31
What is the highest common divisor of 1700 and 1198075?
425
What is the highest common factor of 3080 and 945?
35
What is the greatest common divisor of 6576 and 27?
3
What is the highest common factor of 20085 and 3835?
65
Calculate the greatest common factor of 860 and 245.
5
What is the greatest common factor of 115852 and 220?
44
Calculate the greatest common factor of 245391 and 4553.
157
Calculate the greatest common divisor of 776 and 593640.
776
Calculate the greatest common factor of 64638 and 94962.
798
What is the highest common divisor of 160855 and 2428?
607
Calculate the highest common factor of 71442 and 4312.
98
Calculate the greatest common factor of 156408 and 24.
24
What is the greatest common factor of 499573 and 3955?
113
Calculate the greatest common factor of 12520 and 32320.
40
Calculate the highest common divisor of 3887 and 66677.
299
Calculate the highest common factor of 23380 and 1470.
70
What is the highest common divisor of 2484 and 7797?
69
What is the highest common divisor of 177 and 266916?
177
What is the highest common divisor of 2450 and 15825?
25
Calculate the greatest common divisor of 47412 and 2628.
36
What is the highest common factor of 4845764 and 924?
308
What is the highest common factor of 2025 and 1440?
45
What is the highest common factor of 498 and 1381701?
249
Calculate the greatest common factor of 1824 and 7410.
114
What is the greatest common factor of 780 and 8280?
60
Calculate the highest common divisor of 8581 and 8.
1
What is the greatest common divisor of 280 and 11140?
20
What is the greatest common divisor of 6771 and 33123?
183
Calculate the greatest common divisor of 7659 and 34891.
851
What is the greatest common divisor of 157446 and 126?
18
What is the highest common divisor of 20448 and 234?
18
Calculate the highest common factor of 2352668 and 4.
4
Calculate the greatest common divisor of 7710326 and 26.
26
Calculate the greatest common factor of 18900 and 20.
20
Calculate the greatest common divisor of 1444 and 1748.
76
What is the highest common factor of 258575 and 1400?
25
Calculate the highest common divisor of 10 and 226.
2
What is the greatest common factor of 8 and 78136?
8
Calculate the highest common divisor of 134 and 7953034.
134
Calculate the greatest common factor of 256 and 107992.
8
What is the highest common factor of 52 and 25961?
13
What is the greatest common factor of 25 and 24175?
25
Calculate the highest common factor of 58 and 140302.
58
Calculate the greatest common factor of 9078 and 9996.
102
What is the greatest common divisor of 24372 and 948?
12
Calculate the greatest common divisor of 62034 and 518.
14
What is the greatest common divisor of 888925 and 225?
25
Calculate the highest common factor of 6328 and 2872.
8
What is the greatest common divisor of 2496 and 167817?
39
What is the greatest common factor of 139080 and 1500?
60
Calculate the greatest common factor of 1893 and 129.
3
What is the greatest common factor of 1675 and 1600?
25
Calculate the greatest common divisor of 47528 and 8320.
104
What is the highest common factor of 8829 and 153?
9
What is the greatest common factor of 2262 and 12354?
174
What is the highest common divisor of 8024 and 101524?
68
What is the highest common factor of 23 and 481735?
23
Calculate the greatest common factor of 834 and 9434625.
417
What is the greatest common divisor of 1280 and 117440?
320
What is the highest common divisor of 20 and 675940?
20
Calculate the greatest common divisor of 9679375 and 17.
17
What is the greatest common divisor of 282244 and 164?
164
Calculate the highest common factor of 53 and 4970923.
53
Calculate the highest common divisor of 48 and 57921.
3
Calculate the greatest common divisor of 30739 and 531.
59
What is the highest common divisor of 7 and 161259?
7
What is the highest common factor of 224 and 4112?
16
Calculate the highest common factor of 8160 and 48.
48
What is the highest common divisor of 144 and 184806?
18
What is the greatest common divisor of 5394 and 4278?
186
Calculate the highest common divisor of 6100 and 12505.
305
What is the greatest common factor of 402 and 6989574?
402
What is the highest common factor of 1 and 4750?
1
Calculate the greatest common divisor of 580 and 794165.
145
What is the highest common factor of 2704662 and 278?
278
What is the greatest common factor of 73 and 1025723?
73
Calculate the highest common divisor of 855 and 47785.
95
What is the highest common factor of 235 and 3938365?
235
What is the highest common factor of 37569 and 1491?
21
Calculate the greatest common divisor of 165 and 39555.
15
What is the highest common factor of 154 and 364133?
77
Calculate the greatest common factor of 643575 and 375.
75
Calculate the highest common factor of 668580 and 1320.
660
What is the greatest common factor of 460680 and 2310?
330
Calculate the highest common factor of 28 and 5384.
4
What is the highest common factor of 276 and 6380292?
276
What is the greatest common factor of 564661 and 124526?
2147
Calculate the highest common divisor of 91308 and 924.
84
Calculate the greatest common divisor of 275 and 106282.
11
What is the greatest common divisor of 63 and 5084163?
63
What is the highest common factor of 20 and 282710?
10
Calculate the highest common factor of 10967 and 11.
11
Calculate the highest common factor of 872 and 662.
2
Calculate the highest common divisor of 2048 and 288.
32
Calculate the greatest common factor of 344763 and 678.
339
What is the highest common divisor of 1938893 and 95?
19
Calculate the greatest common factor of 780 and 71916.
156
What is the greatest common factor of 10863 and 927?
9
What is the highest common factor of 7233082 and 316?
158
Calculate the highest common divisor of 85822 and 830.
166
What is the greatest common factor of 17808 and 41664?
336
Calculate the highest common factor of 48504 and 1290.
258
Calculate the greatest common factor of 7716262 and 58.
58
What is the greatest common divisor of 6339980 and 348?
116
What is the greatest common divisor of 18425 and 10175?
275
What is the highest common divisor of 76905 and 144?
9
Calculate the highest common factor of 60 and 203628.
1